ime number?
True
Is 17098799 a prime number?
True
Is 217512553 a composite number?
False
Is 4297723 prime?
False
Is 13286659 a prime number?
True
Is 216222511 prime?
True
Is 7159619 a composite number?
True
Is 175798859 a composite number?
False
Is 12514529 composite?
True
Is 384101 composite?
True
Is 2214959 prime?
True
Is 15218851 a composite number?
False
Is 93415222 composite?
True
Is 6494743 a composite number?
False
Is 9798121 composite?
True
Is 2354897 a prime number?
True
Is 47923343 prime?
False
Is 660089 composite?
True
Is 10154073 prime?
False
Is 5832217 prime?
True
Is 5227571 a prime number?
False
Is 7916327 a composite number?
True
Is 847337 composite?
True
Is 226114869 a composite number?
True
Is 117856309 a prime number?
False
Is 1484629 a composite number?
False
Is 20727583 a prime number?
False
Is 643938479 composite?
True
Is 224107253 a prime number?
True
Is 611653909 a composite number?
True
Is 13725463 a prime number?
False
Is 154999141 a composite number?
True
Is 1803089 a composite number?
False
Is 304117 prime?
False
Is 154287317 composite?
True
Is 1183817 a prime number?
False
Is 1948159 prime?
False
Is 94240207 composite?
True
Is 45015143 a composite number?
True
Is 363279041 a composite number?
True
Is 160695469 prime?
False
Is 6043799 a prime number?
True
Is 2842439 prime?
True
Is 1332733 composite?
False
Is 49401262 a prime number?
False
Is 14331817 composite?
False
Is 19442315 a prime number?
False
Is 111778 a prime number?
False
Is 145633 prime?
True
Is 517271 a prime number?
False
Is 220257965 prime?
False
Is 32210141 a prime number?
True
Is 3640289 a composite number?
False
Is 2026613 composite?
False
Is 351955051 composite?
True
Is 24411655 prime?
False
Is 2892847 prime?
True
Is 29062606 a composite number?
True
Is 76671803 prime?
False
Is 166306799 prime?
True
Is 9447073 a prime number?
True
Is 754879 a prime number?
False
Is 1277423 prime?
False
Is 20314571 prime?
False
Is 4814623 composite?
True
Is 17871649 a prime number?
True
Is 725479 a prime number?
True
Is 10945897 a composite number?
False
Is 3661043 composite?
False
Is 7011449 composite?
True
Is 6607001 composite?
True
Is 16206549 a prime number?
False
Is 340946818 a prime number?
False
Is 6380369 prime?
False
Is 30564251 prime?
True
Is 2821333 composite?
True
Is 1981978 a composite number?
True
Is 29811401 a prime number?
True
Is 580420237 a composite number?
True
Is 153891331 prime?
False
Is 47984941 a prime number?
True
Is 78585361 a prime number?
True
Is 342721 a composite number?
True
Is 5681447 composite?
False
Is 502487 prime?
True
Is 5342993 a composite number?
False
Is 306823949 prime?
False
Is 295858169 prime?
True
Is 139716299 prime?
False
Is 17788963 prime?
False
Is 1155062819 composite?
False
Is 4393993 prime?
False
Is 44732929 a composite number?
True
Is 73013287 a prime number?
True
Is 53523389 prime?
True
Is 5162891 a prime number?
True
Is 25982141 a composite number?
False
Is 13419661 composite?
False
Is 2590823 a composite number?
True
Is 36159811 a composite number?
False
Is 40223233 composite?
False
Is 19704457 composite?
False
Is 150203743 prime?
False
Is 122036611 prime?
False
Is 3553117 a composite number?
False
Is 340410427 a composite number?
True
Is 16289697 a composite number?
True
Is 59485411 prime?
True
Is 149983 composite?
True
Is 102232609 a prime number?
False
Is 57902147 a prime number?
True
Is 14964809 a composite number?
False
Is 306151 composite?
True
Is 9721529 composite?
False
Is 167984579 a composite number?
True
Is 194041657 prime?
False
Is 13101269 a prime number?
False
Is 1150729 prime?
True
Is 165701513 prime?
True
Is 9865993 a composite number?
False
Is 54577457 a composite number?
True
Is 107316267 a composite number?
True
Is 7538057 a composite number?
True
Is 12582071 prime?
True
Is 74699 a composite number?
False
Is 21000691 a prime number?
False
Is 402889 a prime number?
False
Is 381692741 a composite number?
False
Is 27848122 prime?
False
Is 72048199 composite?
False
Is 78570763 a composite number?
False
Is 1820279 composite?
False
Is 19751477 prime?
False
Is 12753979 a composite number?
True
Is 131808407 a prime number?
True
Is 84758801 a prime number?
True
Is 71832329 prime?
True
Is 854645849 a composite number?
False
Is 307804247 a prime number?
True
Is 256887871 a prime number?
False
Is 41865517 composite?
False
Is 1169822 prime?
False
Is 667980143 a composite number?
False
Is 820896199 a prime number?
False
Is 6629431 a composite number?
True
Is 65929651 prime?
False
Is 3934169 composite?
True
Is 112609 prime?
False
Is 29301647 composite?
True
Is 33655091 composite?
False
Is 695711 composite?
True
Is 13798843 prime?
True
Is 9662479 prime?
True
Is 223884299 composite?
True
Is 7827493 prime?
True
Is 3375149 prime?
True
Is 3443719 prime?
True
Is 10619611 prime?
False
Is 2011783 composite?
True
Is 27180557 a composite number?
False
Is 1965259 prime?
True
Is 131262991 a prime number?
True
Is 24392947 composite?
False
Is 6394195 composite?
True
Is 12665035 a composite number?
True
Is 1539446 a composite number?
True
Is 4256617 a prime number?
True
Is 378275327 composite?
False
Is 35963051 composite?
True
Is 9735459 prime?
False
Is 49011379 a composite number?
True
Is 108478298 a composite number?
True
Is 31096229 prime?
False
Is 118678727 a composite number?
False
Is 996054539 prime?
True
Is 11642507 a prime number?
True
Is 1578313 prime?
False
Is 85678577 composite?
False
Is 1850413 a composite number?
False
Is 7679279 prime?
False
Is 96353 composite?
False
Is 1165543 composite?
True
Is 8342461 composite?
True
Is 75967 composite?
False
Is 40709779 a composite number?
True
Is 29163319 a prime number?
True
Is 241141837 a composite number?
False
Is 268654 a composite number?
True
Is 1293889 a composite number?
True
Is 102202129 a prime number?
True
Is 506479367 composite?
True
Is 12683311 prime?
True
Is 115934881 prime?
False
Is 19360519 a composite number?
False
Is 257414554 a composite number?
True
Is 114875143 a prime number?
True
Is 49849 a prime number?
False
Is 19248629 prime?
False
Is 5796431 composite?
False
Is 13951733 a composite number?
False
Is 33707887 composite?
True
Is 52561067 a composite number?
True
Is 1518211 a composite number?
True
Is 1743889 prime?
False
Is 979369 a composite number?
False
Is 6659059 prime?
False
Is 26616103 prime?
True
Is 14756491 a prime number?
True
Is 8734273 prime?
False
Is 29187919 a prime number?
False
Is 39116258 prime?
False
Is 764477962 a composite number?
True
Is 2026447 a prime number?
True
Is 13317827 composite?
False
Is 3247609 prime?
True
Is 309616205 prime?
False
Is 628093 a composite number?
False
Is 13023043 a prime number?
False
Is 21084751 a prime number?
True
Is 15916963 prime?
True
Is 43850299 a composite number?
True
Is 10877953 a prime number?
True
Is 7719709 composite?
True
Is 49649891 a composite number?
False
Is 3589757 composite?
False
Is 3814727 composite?
True
Is 5249815 a composite number?
True
Is 35304029 prime?
True
Is 38223787 prime?
False
Is 282077387 a prime number?
True
Is 3990901 a prime number?
True
Is 501001 prime?
True
Is 2914441 a composite number?
False
Is 2844833 prime?
True
Is 49097 a composite number?
True
Is 13537039 a composite number?
False
Is 17379374 composite?
True
Is 2501237 a composite number?
True
Is 3945337 composite?
True
Is 243974153 prime?
True
Is 17414249 composite?
True
Is 9406523 a prime number?
False
Is 59217811 a composite number?
False
Is 9181489 a composite number?
True
Is 56316881 prime?
True
Is 1744531 prime?
True
Is 70230187 composite?
False
Is 26772087 a prime number?
False
Is 1534373 a prime number?
True
Is 144707501 composite?
True
Is 5939683 composite?
True
Is 8634557 a composite number?
False
Is 12232633 a composite number?
True
Is 98785543 composite?
False
Is 15018023 a prime number?
True
Is 10738853 a composite number?
False
Is 68494909 a prime number?
False
Is 18715777 prime?
True
Is 24990037 a prime number?
True
Is 1677707 prime?
True
Is 747049 a composite number?
False
Is 9771607 a prime number?
False
Is 32689499 a composite number?
True
Is 43867 composite?
False
Is 2527555 a composite number?
True
Is 47067707 prime?
True
Is 51400577 a composite number?
False
Is 115630423 a composite 